factors of (-80956)/3282*4/((2/(-48))/1)?
2, 37
Let a = -70 + 101. Let h = -8700 - -11818. List the prime factors of a/186 + -2*h/(-24).
2, 5, 13
Let m = -164 + 168. Suppose -2*j - 1598 = -m*h, -j + 3*j = 5*h - 1996. What are the prime factors of h?
2, 199
Let z = 24 - -2110. Let k = 3037 - z. List the prime factors of k.
3, 7, 43
Let q(u) = 3*u**2 + 20*u + 2. Let l be q(6). Let p = 23 + l. Suppose 10*t = 5*t - 3*r + 390, 3*t - 2*r - p = 0. What are the prime factors of t?
3
Suppose 1523*i - 1521*i - 2*u - 60602 = 0, 3*i + 5*u = 90895. What are the prime factors of i?
2, 3, 5, 101
Let t = 31 + -27. Suppose 12 = -5*z - t*p + 41, -3*p + 23 = 4*z. Suppose 84 - 24 = z*q. List the prime factors of q.
2, 3
Suppose 26 = -3*g - 100. Let y be ((-28)/6)/(28/g). Suppose y*p = 567 - 161. List the prime factors of p.
2, 29
Let l = 11 - 62. Let d = 85 + l. List the prime factors of d.
2, 17
Let x be (-1 + 11 + 0)*60/(-40). Let a be 29*(-6)/(18/x). Let n = 226 - a. List the prime factors of n.
3
Let m = -5849 + 10737. List the prime factors of m.
2, 13, 47
Let g = 743 - 386. Let v = g + -7. What are the prime factors of v?
2, 5, 7
Let w be -6*(5/(-2) + 2) + 2. Suppose -7 = -w*f + 18. Suppose 0 = f*l + 2*l - 147. List the prime factors of l.
3, 7
Suppose 0 = 118*n - 596554 - 1017568. What are the prime factors of n?
13679
Suppose 3*o + 542289 = 16*o + 20*o. What are the prime factors of o?
16433
Suppose -t = 5*u - 6, -70 = 4*t - u - 73. What are the prime factors of ((-11452)/(-14))/(t/2)?
2, 409
Suppose -48 = 23*n - 39*n. Suppose 1071 = -f + 3*f - k, -k + 1609 = n*f. What are the prime factors of f?
2, 67
Suppose 254 = -9*q - 340. What are the prime factors of -2*(-7 + q/(-12))?
3
Let w be (12/15)/((-4)/10) + 32. Let h = w + -29. List the prime factors of (0/(-2))/h + 35.
5, 7
Let j(i) = -2032*i - 214. List the prime factors of j(-8).
2, 13, 617
Suppose -5*d - 11 = -16*d. Suppose -2*b - d + 1 = 0. Suppose y - 2*y + 178 = b. List the prime factors of y.
2, 89
Let g = 28663 - 22794. List the prime factors of g.
5869
Let m = -413 - -413. Suppose 2*l = 0, m*w - 5*l - 1784 = -w. What are the prime factors of w?
2, 223
Let v = 10100 + -2150. What are the prime factors of v?
2, 3, 5, 53
Suppose 2*w - w - 2*q = 13, 5*w + 4*q - 23 = 0. List the prime factors of 15*(-5)/(-15) + w*111.
2, 17, 23
Let q be (-5)/((-108)/48 + (-2)/8). Suppose 0 = -3*r - q*r - 65. Let o(p) = -2*p + 5. What are the prime factors of o(r)?
31
Suppose 5*u - 16*k + 12*k - 6762 = 0, -2709 = -2*u + 3*k. What are the prime factors of u?
2, 3, 5
Let y = -40 + 168. Suppose 0 = 2*a - 10*a + y. Suppose -87 = -19*c + a*c. What are the prime factors of c?
29
Suppose 5*u = 3*g - 749, 7*g + 310 = -2*u + 3*g. Let l = u - -270. Let p = l + -103. What are the prime factors of p?
2
Let k = 31224 - 30836. What are the prime factors of k?
2, 97
Suppose 0 = -3*n + 277 + 38. Let o = n - 25. Suppose -5*s + 142 = -b - b, 2*s + 5*b - o = 0. List the prime factors of s.
2, 3, 5
Let v = -270 - -285. Let l(g) = 6*g**2 - 29*g + 15. List the prime factors of l(v).
2, 3, 5, 31
Let b(g) = g**2 + 3*g - 5. Let n be 74/(-9) - 6/(-27) - -3. Let c be b(n). Suppose -c*y - 95 = -5*w, 0 = 2*y - 5 - 3. List the prime factors of w.
23
Let s be 15/(-25)*(-5)/2*2. Let g(p) = 1 + 5 + 350*p**2 - 354*p**2 + 36*p**s. What are the prime factors of g(2)?
2, 139
Suppose 4*n - 5*n = -2. Let r be (8 - (1 + -3))/n*40. Let l = r - 30. What are the prime factors of l?
2, 5, 17
Let h(p) = 3*p + 48. Let m be h(-16). Suppose q + 5*f = 6 + 186, m = -4*q + f + 873. List the prime factors of q.
7, 31
Let z = 10234 - -51593. What are the prime factors of z?
3, 37, 557
Suppose 10*j - 48 = -2*j. Suppose 2*p = -4*f - 3*p + 576, -f + j*p + 144 = 0. Suppose -b = 10 - f. What are the prime factors of b?
2, 67
Suppose -3*q - 623 = -u, 5*q - 429 - 1370 = -3*u. Suppose 598 + u = 6*o. What are the prime factors of o?
3, 67
What are the prime factors of 32/(-80)*-37790 + 0?
2, 3779
Let y(s) = 27*s**3 - 15*s**2 - 34*s + 216. What are the prime factors of y(6)?
2, 3, 13, 17
Let o = 39 - 37. Let p(a) = -a**3 + a - 7 - a**3 + 4*a**3 + a**o + 0*a. List the prime factors of p(3).
59
Suppose 0 = 5*j + b + 14758 - 83464, 0 = 4*j - b - 54954. List the prime factors of j.
2, 3, 5, 229
Suppose -47*w + 53*w = 12. Suppose 2*o + 4*y - 468 = -0*y, 5*y = w*o - 477. What are the prime factors of o?
2, 59
What are the prime factors of ((-132)/(-192)*12)/((-21)/(-90412))?
11, 3229
Suppose 0 = 5*x + 5*d - 1960, 5*d = 2*d + 9. Let c = x + -295. What are the prime factors of c?
2, 47
Let g = -130 - -135. Suppose q = -4*q + 2*l + 1326, 249 = q + g*l. List the prime factors of q.
2, 3, 11
Suppose 273 = 4*k - 3423. Suppose 10 = -5*m + 30, 4*m = 5*d - k. Suppose -u + 464 = 5*b, -u = -2*b + u + d. What are the prime factors of b?
3, 31
Suppose -3*k + 42208 = 18*a - 13*a, 5*k - 70391 = -2*a. What are the prime factors of k?
14081
Suppose -19*u + 4295 = -8853. Suppose 11*g - 2375 = -u. List the prime factors of g.
3, 17
Suppose 3 = -c - 3*t - 0*t, -3*c - 4 = 4*t. Let r be (-22)/((-6)/(3 + c)). Let i = r - -6. List the prime factors of i.
17
Let a(j) = -6*j**2 + 54*j + 8. Let t(d) = d**2 - d - 2. Let s(k) = -a(k) - 4*t(k). List the prime factors of s(-7).
2, 7
Let u = 1063 + -2529. Let r = u + 3451. What are the prime factors of r?
5, 397
Let q(c) = 167*c - 16. Let a be q(1). Suppose -a*d + 11799 = -142*d. List the prime factors of d.
3, 19, 23
Let n = 200249 - 125354. List the prime factors of n.
3, 5, 4993
Let a(v) = 5*v**2 + 12*v + 15. Suppose 2*i + 4 = -s - 11, -4*s - 36 = 5*i. List the prime factors of a(i).
239
Suppose -2396*k = -2398*k + h + 16979, -4*h - 42458 = -5*k. What are the prime factors of k?
2, 4243
Suppose t - 6*t = -15. Suppose -3*l + 24 = m, -30 = t*m - 8*m + 3*l. What are the prime factors of (1 - (-1 - 1))*300/m?
2, 5
Suppose -2*r + 5*f = -0*r + 1037, 2*f + 2578 = -5*r. Let z = 1099 + r. Let y = -409 + z. List the prime factors of y.
2, 3, 29
Let r = -10722 + 38842. What are the prime factors of r?
2, 5, 19, 37
Suppose -4*x + 264 = c, c = 3*x + 2*x - 321. Suppose -3*y = 2*a + y + 38, -a + y - 10 = 0. Let f = a + x. What are the prime factors of f?
2, 13
Let v(f) = -8*f + 15*f + 136 - 6*f + 391 - 4*f. List the prime factors of v(0).
17, 31
Let r(l) = 5*l + l**2 - 5 + 11*l - 14*l. Let k be r(-5). List the prime factors of (-2 - k)*(-198)/27.
2, 11
Suppose -7*m + 99 = -62. Let v = m + -18. Suppose 5*i - 492 - 258 = -v*j, -3*j = -i - 458. List the prime factors of j.
2, 19
Let n = 27041 - 13718. What are the prime factors of n?
3, 4441
Suppose 0 = 2*q - q. Let b(f) = f**2 + 7*f + 31. Let n be b(-19). Suppose 5*u + h - n = q, 2*u - 2 = -2*h + 108. List the prime factors of u.
3, 17
Let n(f) = 299*f**2 - 1018*f - 9046. List the prime factors of n(-9).
5, 31, 157
Let w = 1423 + -2145. List the prime factors of (3 - w) + (-20)/((-25)/5).
3
Let b = -88 - -61. Let f = b - -30. What are the prime factors of 3/f + -5 + 98?
2, 47
Let v = 5845 + 5575. What are the prime factors of v?
2, 5, 571
Let f be ((-621)/6)/(12/(-144)). Suppose 5*n - 2*a - f = 951, -3*a + 2173 = 5*n. List the prime factors of n.
19, 23
Let q = -13177 + 23144. List the prime factors of q.
9967
Suppose 83973 = 32*z + 37*z. What are the prime factors of z?
1217
Suppose -i + 4*u = -10171, -24612 + 4306 = -2*i - u. What are the prime factors of i?
3, 5, 677
Let r be (-22)/55 + 34/10 + 3. Let n(k) = -89*k**2 + k**3 + 51*k**2 - 13 + 50*k**2 + 3*k - r. What are the prime factors of n(-10)?
151
Let z = 3 - 0. Let b be 4*((-12)/(-8))/z. Suppose -b = -g - 5*c, 3*g + 3*c - 70 = 4*c. List the prime factors of g.
2, 11
Let q = -29 - -59. Let m(b) = -2*b**2 + 67*b - 29. List the prime factors of m(q).
181
Suppose -4*n = 3*s - 152020, -21*n + 38027 = -20*n - 2*s. List the prime factors of n.
38011
Let x(m) = m + 12. Let v be x(-10). Let b(c) = -25*c**v + 19 + 5*c - 3*c - c**3 + 6*c**2 + 17*c. List the prime factors of b(-20).
3, 13
Suppose 4*f + 20 = -4*v, -3*v + 12 = -5*f - 13. Suppose 8*i + 6*i - 98 = v. Suppose 10*z - 501 = i*z. List the prime factors of z.
167
Let p be 2/(-5)*100/(5/(-1)). Suppose p*y + 1427 = 4*l + 5*y, -5*y = 25. List the prime factors of l.
353
Let f(m) = m**2 + 7*m - 6. Let y be f(-10). Let p = y - 2